te the remainder when (-176)/(-6) + 4/6 is divided by z.
6
Suppose -34 + 6 = -2*m. Calculate the remainder when m is divided by 5.
4
Let b(k) = -k + 9. Let q be b(6). Let f = 8 - q. Suppose -f = -2*r + 17. Calculate the remainder when r is divided by 6.
5
Calculate the remainder when (5 - 3 - 1)*105 is divided by 27.
24
Suppose 4*c - 73 = -3*g, 3*g - 2*c + 5*c - 72 = 0. Calculate the remainder when g is divided by 3.
2
Let g be -2*(-3 - -2)/1. Suppose b + g*s = -2*b + 18, 0 = 2*b + s - 12. What is the remainder when (1 - 0 - -3)*(-4)/(-1) is divided by b?
4
Let h = 17 - 2. Let o = -38 + 80. Suppose -4*x + 134 = -o. What is the remainder when x is divided by h?
14
Let h be 209 + (-1 - -7) + -3. Suppose -2*p = 2*p - h. Calculate the remainder when p is divided by 18.
17
Suppose -4*t + 3*b = -b - 112, -5*t + 108 = 3*b. Calculate the remainder when t is divided by ((-2)/((-2)/5))/1.
4
Let m be 3*3/18*164. Suppose -2*b - 32 = 2*y - m, 0 = 2*b + 8. Let o = y + -6. Calculate the remainder when o is divided by 12.
11
Let f(k) = -25*k + 14. Calculate the remainder when f(-1) is divided by 21.
18
Let u(y) be the second derivative of -3*y**4/2 + y**2/2 - 3*y. Let r be u(-2). Let z = -48 - r. What is the remainder when z is divided by 12?
11
Let p = 1029 - 488. Suppose -2*t + 1037 + p = 0. Calculate the remainder when t/27 + (-4)/18 is divided by 15.
14
Calculate the remainder when 0 + (-12)/(147/51 + -3) is divided by 21.
18
Let b = 17 + -15. What is the remainder when (2/6)/(b/198) is divided by 7?
5
Suppose -3*q - 4 = 38. Let n be (q/(-4))/(-7)*-652. Suppose 0 = 4*w + 3*t - 189, -n + 83 = -5*w + 3*t. What is the remainder when w is divided by 17?
14
Let i be 1 - ((-3 - 1) + 2). Suppose 3*a + 4*x - 51 = -i, -63 = -5*a - x. Let n = -6 + 13. What is the remainder when a is divided by n?
5
Suppose 0 = -5*j, 3 = -3*y + 3*j - 0. What is the remainder when 6 is divided by -1 - -2 - y/1?
0
Let u be ((-100)/3 - -2)*3. Let g = u - -158. Calculate the remainder when g is divided by 22.
20
Suppose 2*x - r - 5 = 6, 4*x + 3*r - 37 = 0. What is the remainder when 10 is divided by x?
3
Suppose -2*b - 3*b - 75 = 0. Let h = b + 26. Let n = 15 - 9. Calculate the remainder when h is divided by n.
5
Suppose -2*l + 441 = 5*l. What is the remainder when l is divided by 16?
15
Let g = -12 - -38. What is the remainder when g is divided by 16?
10
Let d(c) = c**2 + 3*c - 2. What is the remainder when 29 is divided by d(-5)?
5
Suppose 0 = -f + 9 - 4. Suppose -3*o + 18 = 3*n, -2*o - 3*o + 80 = -f*n. Suppose -2*z = 2*a - 14, 3*z = 3*a + a. Calculate the remainder when o is divided by z.
3
Let b(y) = y**3 + 7*y**2 + 5*y + 5. What is the remainder when 58 is divided by b(-5)?
28
Suppose 0*u = -5*i + 2*u + 82, 4 = u. Suppose 5*v - 16 = -0*m + 4*m, 2*v - 11 = -3*m. What is the remainder when i is divided by m + -1 + (1 - -9)?
8
Suppose 0 = -2*t - 4*h + 44, -t + h = 4*h - 26. Let c = 24 + 3. What is the remainder when c is divided by t?
13
Let r = -43 - -71. Suppose -4 = 4*b - r. What is the remainder when 22 is divided by b?
4
Suppose 2*u - 3*f = 162, 2*f - 243 = -0*u - 3*u. Calculate the remainder when u is divided by 28.
25
Suppose 6*d + 365 = 5*h + 2*d, -h = d - 64. What is the remainder when h is divided by 12?
9
Let w(b) = -b**2 - 5*b + 5. Let c be w(-5). Suppose -118 + 38 = -c*d. Calculate the remainder when 46 is divided by d.
14
Let o(y) = 4*y**2 + y + 1. Let q be o(-1). Let v(l) = -l**3 + 4*l**2 + 3*l + 1. Let a(j) = -5*j. Calculate the remainder when v(q) is divided by a(-1).
3
Suppose a - 3 = -0*a. Suppose -9 = a*r - 0*r. Calculate the remainder when (-54)/(-1 - r)*-1 is divided by 10.
7
Let l(d) = -2*d - 7. Calculate the remainder when 387/15 - (-2)/10 is divided by l(-8).
8
Let s(x) = -x**3 - 6*x**2 - x - 1. Let r be s(-5). Let d = 36 + r. Suppose 5*k - d = -0. Calculate the remainder when 5 is divided by k.
2
Let z be -2 - -4 - (1 - -1). Suppose -5*c - 3*b + 15 = 2*b, z = -b - 1. What is the remainder when 40 is divided by ((-2)/c)/((-3)/84)?
12
Suppose 5*n - 9 = -l + 52, 3*l = -n + 1. Calculate the remainder when 22 is divided by n.
9
Let a(r) = 2*r**2 - r - 1. Let q(p) be the second derivative of 3*p**5/10 - p**4/4 + p**3/3 + p**2/2 + 2*p. What is the remainder when q(2) is divided by a(3)?
13
Suppose -4*o = -2*i - 340, -2*i + 265 = 3*o - 6*i. Calculate the remainder when o is divided by 29.
25
Let w(c) = -12*c - 12. Let h be w(-8). Suppose -9*i + 6*i + h = 0. What is the remainder when i is divided by 10?
8
What is the remainder when 29/(1 + -2 + 2) is divided by 8?
5
Let p(i) = 18*i**3 - i + 1. Let f(c) = 2*c - 5. Let t be f(3). What is the remainder when 33 is divided by p(t)?
15
Suppose -w + 3*t = t - 62, -4*t = 4*w - 260. Calculate the remainder when w is divided by 11.
9
Let n = 32 + -30. Suppose 0 = n*l - 3*l + 34. Let y = -15 + 27. What is the remainder when l is divided by y?
10
Let d = 78 - 34. What is the remainder when d is divided by 9?
8
Suppose -2*r - 26 = -2. Let x = r - -19. Suppose 0 = 3*h - x*h - 4*o + 212, -5*h = -2*o - 237. Calculate the remainder when h is divided by 13.
10
Suppose 11 + 9 = -4*f. Calculate the remainder when 24 is divided by (-8 + f)*2/(-2).
11
Let r(f) = -2*f - 1. Let t be r(-2). Suppose -u - t = -4. Suppose 11*j - 18*j = -7. Calculate the remainder when j is divided by u.
0
Suppose -2*t + 6*t = 232. Calculate the remainder when t is divided by 30.
28
Suppose -11 = -3*o + 2*o. Calculate the remainder when 24*2/(16/10) is divided by o.
8
Let f = 35 + -19. Suppose -2*w = -9 - 1. Calculate the remainder when f is divided by w.
1
Suppose -4*w = 6*w - 90. What is the remainder when 23 is divided by w?
5
Let k(a) = a**2 + 6*a + 4. Calculate the remainder when 7 is divided by k(-6).
3
Let h(w) = -w + 7. Let z be h(4). Suppose -l + 0*l = -z. Suppose 5*n + l*p - 57 = 0, -n + 12 = p - 1. Calculate the remainder when n is divided by 5.
4
Let m be (-670)/(-30) + 2/(-6). Let j = m - 16. Let a = -42 - -59. Calculate the remainder when a is divided by j.
5
Suppose -3*m = -0*m + 5*w - 64, 5*m - 70 = -w. What is the remainder when 50 is divided by m?
11
Let s(m) = 8*m**2 - 3. Calculate the remainder when s(2) is divided by ((-1)/(-2))/((-1)/(-30)).
14
Let i(o) = 5*o - 4. Let u be i(13). Suppose -5*m = -5*v + 365, -5*m = -2*v + 3*v - u. Calculate the remainder when v is divided by 12.
11
Let y = 8 - 6. Suppose -y*u + 1 = -3. Calculate the remainder when 8/5 + u/5 is divided by 1.
0
Let p(w) = -21*w**3 - 2*w - 1. Let z be p(-1). Suppose 2*g - 8 - z = 0. What is the remainder when 1 + 5/(10/54) is divided by g?
13
Let o be 3/9 - 26/(-3). Suppose 7 = -4*y - o, 0 = s + 3*y + 5. Calculate the remainder when 18 is divided by s.
4
Suppose 4*m = -5*u + 82 + 89, -204 = -5*m - 3*u. Calculate the remainder when m is divided by 10.
9
Let d be ((-600)/(-28))/(5/35). Suppose -4*x = 3*u - 198, 4*x + d = 5*u - 148. Calculate the remainder when u is divided by 32.
30
Let x(y) = y**3 + 18*y**2 + 26. What is the remainder when x(-18) is divided by 10?
6
Let a(c) = -2*c**3 - 2*c**2 - 3*c - 3. Let x be a(-2). Let f(b) = -b**2 + 12*b + 7. What is the remainder when 53 is divided by f(x)?
17
Let d be (-184)/6 + (-2)/6. Let r = -10 - d. Let i(q) = 10*q**3 + q**2 - q + 1. Calculate the remainder when r is divided by i(1).
10
Let n(y) = 8*y + 3. Let d(h) = -h - 1. Let s(a) = -2*d(a) - n(a). Let k(p) = -5*p - 1. Calculate the remainder when s(-2) is divided by k(-1).
3
Suppose -5*o = 25, -4*h + h - 3*o = -99. What is the remainder when 263 is divided by h?
35
Suppose 2*m + 5*k - 117 = 0, 3*k = -5*m + k + 345. Let o = m + -36. What is the remainder when o is divided by 9?
8
Let j(w) = -15*w - 106. Suppose 5*f + 139 = -46. Let u = f - -63. Calculate the remainder when u is divided by j(-8).
12
What is the remainder when 17 is divided by (-3)/12 - 116/(-16)?
3
Suppose -2*b + 6*b + 56 = 0. Let q(h) = -h**3 - 6*h**2 - 6. Let f be q(-6). What is the remainder when 36 is divided by (76/f)/(b/21)?
17
Let o(q) = q**2 + 6*q - 2. Let h be 3/((-12)/(-14))*-2. Calculate the remainder when 13 is divided by o(h).
3
Suppose 2*u = -2*u + 100. Calculate the remainder when u is divided by 14.
11
Let j be ((-24)/(-10))/(6/20). Let d = 81 + -49. Let l = d - j. What is the remainder when l i